 4*a = 3*t - 8, -5*t + 4 + 1 = -5*a. List the prime factors of l(a).
2, 5
Suppose -t - k + 419 = 0, 14*k - 16*k - 846 = -2*t. What are the prime factors of t?
421
Let t(j) = -j**2 + 7*j - 10. Let s be t(5). Suppose s = 4*g - 0*g - 112. What are the prime factors of g?
2, 7
Let j(h) = -h**3 - 5*h**2 + 6*h - 2. Let d be j(-6). Let g be 1/(d/1)*0. Suppose g = -4*t + 3*t + 10. List the prime factors of t.
2, 5
Let y = 83 + -55. List the prime factors of y/7*1/1.
2
Suppose 5*z + 0*k - k - 29 = 0, -3*k - 22 = -2*z. Let h be ((-32)/z)/((-4)/20). Suppose p = -p + h. List the prime factors of p.
2
Suppose 2*y - 6 = -4*n, -3*n + 2*n = y - 2. Suppose -3*i + 4*x - n = 0, 5*i - 4*x - 4 = i. Suppose 0 = -i*s + 8 + 17. What are the prime factors of s?
5
Let j be -3 - (2 - 6/2). Let v(f) = 2*f**2 + 2*f. What are the prime factors of v(j)?
2
Suppose -2*r + 144 = 2*r. List the prime factors of r.
2, 3
Let t be -4 + 2/4*-2. Let q(v) = -v**2 - 7*v - 4. What are the prime factors of q(t)?
2, 3
Suppose s + 2*s - 12 = 0. Suppose s*u + 5*a + 5 = 9*u, -5*u + 9 = -3*a. List the prime factors of u.
3
Suppose -93 = 9*c - 12*c. What are the prime factors of c?
31
Suppose -2*x + 5*x + 5*k - 572 = 0, x - 188 = k. What are the prime factors of x?
3, 7
Suppose -2*q + 131 + 45 = 0. List the prime factors of q.
2, 11
Let z(i) = -3*i + 3. Let l(n) = 13*n - 12. Let f(w) = -2*l(w) - 9*z(w). Let r be f(6). Let y = 6 - r. List the prime factors of y.
3
Let p = 13 + -8. Suppose -q + 8 = -p*b - 4, -q - b = 6. List the prime factors of 8 - (6/2)/q.
3
Suppose 4*a - 17 - 19 = 0. Suppose 5*o = 2*o - a. What are the prime factors of (-2)/(-2*o/(-12))?
2
Let i = 26 - -3. List the prime factors of i.
29
Let c(a) = -a**3 + 3*a**2 - 7*a - 10. What are the prime factors of c(-6)?
2, 89
Let j(w) = -w. Suppose -4*v - 10 = -5*v - 3*c, v - 5*c + 22 = 0. Let g be j(v). List the prime factors of g*(-1 + 0 + 2).
2
Suppose 4*f - 8 - 35 = -d, -d - f = -46. Let x = -33 + d. List the prime factors of x.
2, 7
Let s(j) = j + 2. Let z be s(0). Let n be ((-2)/z - -4) + -1. List the prime factors of (n/(-4))/(2/(-24)).
2, 3
Let w be (24/(-40))/(1/(-5)). Suppose -w*b = -c - 99, -5*b + 0*c = -5*c - 155. What are the prime factors of b?
2, 17
Let y = -808 - -1144. Suppose -4*k + 11*k = y. List the prime factors of k.
2, 3
Let s = 10 + -6. Suppose -s*w + 175 = -5*v, 5*w = -2*v - 2*v + 229. List the prime factors of w.
3, 5
Suppose -4*h + 3*h - 4 = 0. Let g(p) = -3*p - 1. Let y be g(h). Suppose 5*r - 26 = -y. List the prime factors of r.
3
Let o be 121/17 - 6/51. Suppose -o*c - 2 = -8*c. What are the prime factors of c?
2
Suppose 11*u = 17*u - 690. List the prime factors of u.
5, 23
Let r = -87 - -147. What are the prime factors of r?
2, 3, 5
Let w(q) = -q**3 - q - 3. Let j be w(0). List the prime factors of 3 - (-19 - -3 - j).
2
Suppose 3*j = 3*r - r - 16, 0 = -2*r - 2*j + 16. Let f(y) = -y**2 + 9*y - 6. Let u be f(5). Let z = u - r. List the prime factors of z.
2, 3
Suppose -r - 53 = -h + 3*h, 5*r = 2*h - 217. Suppose 4*v - 4*a + 0*a - 264 = 0, 4*v = -3*a + 243. Let d = r + v. What are the prime factors of d?
2, 3
List the prime factors of 104 + 4/(-14) + (-2)/(-7).
2, 13
Let s(k) = 97*k + 1. What are the prime factors of s(1)?
2, 7
Suppose 4*f - 12 = -4*j, -j + 4 = 3*f - 9. Suppose 0 = g + 5*x - 31 - 7, f*g - 2*x = 82. Suppose -o + 2 - g = -l, 4*o - 44 = -5*l. List the prime factors of l.
2, 3
Let d(c) = -c - 14. Let a be 0/(3/(-3) + 0). Let q be d(a). Let l = q - -28. What are the prime factors of l?
2, 7
Let i(m) be the second derivative of m**3/3 - 6*m**2 + 2*m. What are the prime factors of i(9)?
2, 3
Let p(c) = -c**2 + 5*c - 15. Let v be p(9). Let i = -10 - v. What are the prime factors of i?
41
Suppose t + 5*x = -t + 45, -x = -2*t + 75. Let i = -19 + t. Let j = i - 9. List the prime factors of j.
7
Suppose 0 = -3*k + 130 + 593. List the prime factors of k.
241
Let j(r) = 1 + 5*r + 7*r - 14*r. Let d be -8*(0 - (-1)/2). List the prime factors of j(d).
3
Suppose -52 = -3*m + 2*o, -3*m = -3*o - 62 + 8. List the prime factors of m.
2
Suppose -22*o + 736 + 3532 = 0. List the prime factors of o.
2, 97
Let j = 8 - -7. Suppose 2*f + f = j. What are the prime factors of f?
5
Suppose -o - o + 21 = 5*m, -4*o + 15 = m. Suppose k = -3*d + 78, -5*d - o*k = -2*d - 84. List the prime factors of d.
5
Suppose 12*w = 8*w + 24. What are the prime factors of w?
2, 3
Suppose 6*p - 36 = 2*p. What are the prime factors of p?
3
Suppose 0*d + d = 46. List the prime factors of d.
2, 23
Suppose -7 = 2*z + 3*r, z - 3 + 4 = -r. Suppose 0 = z*c - 3*f - 47, 2*c - 3*c + 3*f = -14. What are the prime factors of c?
11
Let y(t) be the second derivative of -t**3/2 + 5*t**2 - 5*t. What are the prime factors of y(-8)?
2, 17
Suppose 2*c + 4*c - 180 = 0. List the prime factors of c.
2, 3, 5
Let k be (7/3)/(3/9). Let m = k - -5. What are the prime factors of m?
2, 3
Let r be 3 - (10 - 0/3). Let w = r - 6. List the prime factors of (-5)/((-10)/6) - w.
2
Let j be (-9)/(1*-1)*-1. Let b be (9/(-3))/(-6)*(1 - -37). Let r = j + b. What are the prime factors of r?
2, 5
Let f = -42 - -77. Suppose 5*w = -3*q + f, 15 = 6*q - 3*q. Suppose 0 = -w*r + 21 + 23. List the prime factors of r.
11
Let v = -3 + 93. List the prime factors of v.
2, 3, 5
Let w = 147 + -68. What are the prime factors of w?
79
Let a(i) be the second derivative of i**3 - i**2 - i. Let y be a(9). Suppose 3*b + 3*j - 36 = 0, 0 = 5*b + 7*j - 4*j - y. What are the prime factors of b?
2
Let m = -6 + 11. Let w(v) = -6*v**2 - 3*v**3 + 6*v - v**3 + v**3 + 4*v**3 + 6. What are the prime factors of w(m)?
11
Suppose 80*f - 83*f + 177 = 0. What are the prime factors of f?
59
Suppose 0 = h, 3*r - 3*h + h = 12. Suppose -18 = -6*m + r*m. What are the prime factors of m?
3
Let k(i) = -i**2 + 3*i - 1. Let m be k(2). Let n(j) = -j - m - 4*j + 3*j. List the prime factors of n(-5).
3
Let z be (-3 + 6)*1/3. Let w(p) = p - 2. Let i be w(z). What are the prime factors of (-3)/i - (-2)/2?
2
Let u = -19 + 10. Let p = 6 + u. What are the prime factors of (1/3)/(p/(-27))?
3
Let z = 16 - 27. Let b = -1 + 0. Let g = b - z. List the prime factors of g.
2, 5
Suppose -3*b + 2*b = 0. Suppose -11 = -b*a - a. What are the prime factors of a?
11
Let l(j) = 5*j**2 - j - 34. List the prime factors of l(6).
2, 5, 7
Suppose -2*z - 3 = -3*z. Let l(r) = r**3 - 3*r**2 + 2*r + 1. What are the prime factors of l(z)?
7
Suppose -j + 2*s + 5 = 0, 0*j = -3*j - s + 29. List the prime factors of j.
3
Let l(v) = v**3 + 5*v**2. Let g be l(-5). Suppose g*k + 10 = 5*k. Suppose -4*f + 3 = -1, 50 = 2*s + k*f. What are the prime factors of s?
2, 3
Let a = 75 + -53. Suppose 6*p = 5*p + a. What are the prime factors of p?
2, 11
Let r = -1 - -1. Suppose -4*t + 41 + 27 = r. Let h = -8 + t. What are the prime factors of h?
3
Let k = -24 - -46. List the prime factors of k.
2, 11
List the prime factors of 2 + (0 - (-2 + 0)).
2
Let c = 13 - -5. Suppose f - 3 = c. What are the prime factors of f?
3, 7
Suppose 21 = 4*d - d. Let f = 14 - d. List the prime factors of f.
7
Suppose 5*g = -55 - 25. List the prime factors of ((-50)/(-4))/((-8)/g).
5
Suppose -2*p + 30 = -p. Suppose 3*w = -2*f + 90, -2*f = -4*w + 5*w - p. What are the prime factors of w?
2, 3, 5
Suppose 0*p = -2*p + 4. Suppose -p*a + 0*c + 12 = -3*c, 2*c = 2*a - 8. Suppose -3*y = 3*d - 5*d - 28, a = -5*y + 3*d + 46. List the prime factors of y.
2
Let h(o) = -2*o**3 + o - 1. Let i be h(-2). Let l(n) = n**2 - 13*n + 14. List the prime factors of l(i).
2, 7
Let j(u) = u + 8. Let b be (-4)/14 - 12/(-42). What are the prime factors of j(b)?
2
Let o = 19 - -11. What are the prime factors of (-12)/5*o/(-9)?
2
Suppose s + 3 = -0*s, 2*r - 4*s - 8 = 0. Let v = 18 + -10. Let u = v - r. What are the prime factors of u?
2, 5
Suppose 3*m - 35 = 2*s - 3*s, 5*m = -s + 59. List the prime factors of m.
2, 3
Let t(m) = m + 4. Let o be t(-5). Let h = 3 + o. List the prime factors of h.
2
Suppose -4*l - 7 - 1 = 0, 5*l + 35 = 5*x. Suppose x*j + f + 19 = -102, -93 = 4*j - 3*f. Let v = 35 + j. What are the prime factors of v?
11
Let l(p) = 2*p**3 + 11*p**2 - p + 2. List the prime factors of l(-5).
2
Let o be (-1)/(-2) - 131/(-2). Suppose o = -7*h + 4*h. Let z = h - -36. List the prime factors of z.
2, 7
Suppose -3*x 